= m + 300. What is the units digit of w?
4
Let h = -13870 - -34179. What is the tens digit of h?
0
Suppose v = -7*v - v. Suppose -5*t - 5 = v, 0 = -2*g - 11*t + 13*t + 3038. What is the hundreds digit of g?
5
Suppose 5021 = 10*h - 16429. What is the thousands digit of h?
2
Suppose 30*a + 2132 = 56*a. Suppose -a*x = -90*x + 13280. What is the thousands digit of x?
1
Suppose 126*q + 35637 = 147*q. What is the tens digit of q?
9
What is the thousands digit of 0 - (-30702 - 0) - ((-90)/(-9))/10?
0
Suppose 4*c + 6 = -y - 20, -c - 14 = 4*y. What is the units digit of (4/6)/(c/(-36)) + 953?
7
What is the ten thousands digit of ((-98448)/(-88))/((-18)/(-198))?
1
Let d = 18748 - -13187. What is the ten thousands digit of d?
3
Let r(g) = g**3 - g**2 - 4*g - 3. Let b be r(0). What is the thousands digit of (204270/(-20))/11*4/b?
1
Suppose -4*f = -7*f - 150. Let c = -43 - f. Let v = 66 - c. What is the units digit of v?
9
Let z(l) = l**2 - 18*l - 7. Let g(q) = -2*q**2 + 36*q + 12. Let m(t) = 4*g(t) + 7*z(t). Let o = 24 - 9. What is the tens digit of m(o)?
4
Suppose o + 0*o = -5*y + 7949, -31928 = -4*o + 2*y. What is the tens digit of o?
7
Let l = 52047 + -14644. What is the thousands digit of l?
7
Suppose -20*a = -3785 - 855. Let j = a + -145. What is the tens digit of j?
8
Let k(i) = 18*i - 75. Let x be k(-12). Let m = x - -417. What is the hundreds digit of m?
1
Suppose -13*p - 29643 = -16*p + 3*t, 0 = -4*p + 5*t + 39524. What is the thousands digit of p?
9
Let c(d) be the first derivative of -d**4/4 - 34*d**3/3 - 20*d**2 + 70*d - 11. What is the tens digit of c(-33)?
0
Suppose 4 = -2*t + 29*l - 33*l, 0 = 2*t + l - 2. Suppose y + t*x = 805 + 311, 0 = 2*y + 5*x - 2231. What is the thousands digit of y?
1
Suppose 8*h - 7*h - 6058 + 520 = 0. What is the tens digit of h?
3
Let n(v) = -24*v**3 + 16*v**2 - 5*v - 3. Let c(m) = 8*m**3 - 6*m**2 + 2*m + 1. Let b(a) = -8*c(a) - 3*n(a). What is the tens digit of b(3)?
1
Let u = 2294 + -1296. Suppose -u = -7*z + 1179. What is the tens digit of z?
1
Suppose 10*y - 66585 = -33625. What is the units digit of y?
6
Suppose -2*n + 3*n = -10. Let q be (-6)/n - (0 - (-102)/(-30)). Suppose -3*o + 225 = 2*h, -q*h - o + 425 = -0*o. What is the tens digit of h?
0
Suppose p = 4*t - 277, 2*p + 3 = 9. Suppose -2*x = -1420 - t. What is the units digit of x?
5
Let h(s) = 7*s - 188. Let x be h(28). What is the tens digit of 6/x - 42126/(-56)?
5
Let v(d) = -d**2 - 12*d - 45. Let t be v(12). Let h = 847 + t. What is the tens digit of h?
1
Let h = 3327 - 1972. What is the units digit of (h/5)/((-6)/(-12))?
2
Suppose 1320*q - 16070 = 1315*q. What is the tens digit of q?
1
Suppose -42*y - 309 = -259533. What is the tens digit of y?
7
Suppose -2*k + 54 = 64, -w + 23973 = 5*k. What is the hundreds digit of w?
9
Suppose 8*m - 16104 = 30*m. Let g = -332 - m. What is the units digit of g?
0
Let o(t) = 104*t - 436. What is the thousands digit of o(46)?
4
Let u = -5464 - -10902. What is the thousands digit of u?
5
What is the tens digit of ((-10)/(-6) - 1)*7283235/670?
4
Suppose -8*s + 5*i - 3*i + 145392 = 0, i = 0. What is the units digit of s?
4
Let w(x) = -8*x + 37. Let y be w(4). Suppose 3*s = -5*d + 203, -2*s - 279 = -6*s - y*d. What is the units digit of s?
6
Let l(o) = -o**2 + 11*o + 18. Let m be l(13). Let w be (-12)/m*152/6. What is the tens digit of 12/2*w/3 + 3?
7
Suppose -67*h - 42 = -81*h. Suppose 0 = -h*n + 5*l - 6*l + 2948, -2*n - 4*l + 1952 = 0. What is the units digit of n?
4
Let u(r) = 3*r - 5. Let v be u(3). Suppose -6 + 26 = -v*n. Let o(k) = 3*k**2 - 9*k - 4. What is the units digit of o(n)?
6
Let p(r) = 2*r**3 - 212*r**2 - 35*r - 665. What is the tens digit of p(107)?
8
Let w(x) = -x**3 - 19*x**2 - 16*x + 35. Let b be w(-18). Let k(d) = d**2 + 2 - d - 8 - 210*d**3 + 3 + 2. What is the hundreds digit of k(b)?
2
Suppose 1357*d = 1079*d + 6911914. What is the units digit of d?
3
Let y = 1297 + 392. What is the units digit of y?
9
Let c = 17083 - -492. What is the thousands digit of c?
7
Suppose 1931 - 67577 = 21*m. What is the tens digit of (-2)/(m/(-3945) + 4/(-5))?
6
Let y = -23833 - -37406. What is the hundreds digit of y?
5
Suppose 55*h - 364 = 53*h. Let a = 0 + 4. Suppose 66 = a*n - h. What is the units digit of n?
2
Let j = 226 + 35. Let q = j + 1168. What is the tens digit of q?
2
Let k(h) = -3*h**2 + h - 3. Let r be k(-3). Let p = 28 + r. Let t = 35 + p. What is the tens digit of t?
3
Let r = -4115 + 16943. Suppose -10*m - 3908 = -r. What is the tens digit of m?
9
Let g = 14103 + 1288. What is the units digit of g?
1
Let p = 83209 - 53023. What is the hundreds digit of p?
1
Let b(z) = -z**2 + 25*z + 48. Let a be b(27). Let h(m) = 12 - 3*m**3 - 8*m**2 - 2*m**3 - 5*m + 3*m**3. What is the tens digit of h(a)?
8
Suppose 5*u - 42 = -27. Suppose 0 = -v + u*z + 16, 0 = v - 3*v - 4*z - 8. Suppose -v*a + 1047 = -8*l + 9*l, 0 = -3*a - 3*l + 783. What is the tens digit of a?
6
Suppose 2*k + 6 = 0, 3*r = -k - 6145 - 57380. What is the tens digit of ((-2)/3)/(r/(-1926) + -11)?
0
Let h(i) = 282*i**3 - 7*i**2 + 7*i - 39. What is the thousands digit of h(4)?
7
Let d = 103 - -62. Let k = d + 104. What is the tens digit of k?
6
Let l(c) = -17*c + 18 - 20*c + 66*c - 26*c. Let n be l(-8). What is the tens digit of 4*((-13)/2)/(n/30)?
3
Suppose 0 = -4*z - 4*c + 166988, -5*z - 62*c = -59*c - 208743. What is the tens digit of z?
5
Let j = 9212 - 1802. What is the units digit of j?
0
Let k = 44194 - 30397. What is the units digit of k?
7
Suppose -6*l + 2*g = -232954, -886*g = -l - 888*g + 38835. What is the hundreds digit of l?
8
Suppose 20232 = 2*n + 2*a, 6*n - 4*n = a + 20229. What is the thousands digit of n?
0
Suppose 18*v + 149882 - 533768 = 0. What is the thousands digit of v?
1
Suppose -145*x = -266*x + 886325. What is the tens digit of x?
2
Let k(s) = -s**3 - 16*s**2 + 9*s - 65. Suppose -55 = -14*i + 17*i - 4*m, m = 1. What is the units digit of k(i)?
1
Let s(d) = -2*d**3 - 33*d**2 - 148*d - 1862. What is the ten thousands digit of s(-27)?
1
Suppose -2*k = 0, 5*n + 145*k + 2056 = 141*k + 26996. What is the units digit of n?
8
Suppose 29*a + 21109 + 4962 = 0. What is the units digit of -15 + 11 + (3 - 1*a)?
8
Let d(t) = 99*t + 574. What is the units digit of d(14)?
0
Suppose -12 = 3*a, 11*p - 8*p - 5*a = 32. Suppose 2*x = r + 162 + 123, -p*x + 565 = -3*r. What is the tens digit of x?
4
Let k(o) = -7*o - 50. Let w be k(-23). What is the units digit of w - ((-4)/(-22) + 42/11)?
7
Let y(w) be the first derivative of -w**4/4 - 7*w**3/3 + 15*w**2 + 11*w - 21. What is the tens digit of y(-10)?
1
Suppose -34*q + 30*q = -8. Suppose -5*d = -2*l - 37, q - 31 = -4*d + l. What is the units digit of ((-15)/2 + d)/((-1)/514)?
7
Suppose 27*w = w + 78. Suppose -w*c + 216 = -195. What is the tens digit of c?
3
Let v(r) = -r**3 + 2*r**2 - r + 21. Let s be v(0). Suppose 3*u = -2*w + 3 + s, -5*u = 4*w - 46. What is the units digit of w?
9
Let u(m) = -2*m**2 + 29*m - 73. Let n be u(11). Suppose -572 = -n*h + 4*r, -5*h + 3*r - 5*r + 708 = 0. What is the tens digit of h?
4
Suppose 5*n - 1601 - 1699 = -5*s, -n + 2652 = 4*s. What is the tens digit of s?
6
Suppose 34 = 3*c + 5*q, -6*c + 2*c - 5*q = -37. What is the tens digit of (34 - 7)*11/c?
9
Let l(i) = 16*i**3 + 13*i**2 - 4*i + 2. What is the units digit of l(9)?
3
Let u(d) = 50*d**2 - 26*d + 405. What is the thousands digit of u(16)?
2
Let s(q) be the third derivative of q**5/60 - q**4/2 + 7*q**3/3 - 33*q**2. Let b = -31 - -25. What is the hundreds digit of s(b)?
1
Let v be (-1)/(1/5*-9 - -2). Let x be ((-8)/(-30)*12)/(v/(-25)). What is the units digit of x/(-12)*-15 - -2?
2
Suppose 2*j = -2, 5*j = -3*o + 10 + 3. Suppose -3*p + 6 = 3*l, 3*l + o*p - 11 = 2*p. Let q(a) = -56*a + 29. What is the hundreds digit of q(l)?
1
Let f(w) = 3*w - 70. Let c be f(25). Suppose 2*r = 4*r + 4, 1288 = c*q + r. Let g = 399 - q. What is the tens digit of g?
4
Let u be -21 + (0 - 0)*(-2)/(-4). Let v = 39 + u. What is the units digit of (4 - 136/36) + 464/v?
6
Let m be 48/216 + (-70)/(-9). Suppose m*i - 13*i + n + 307 = 0, -3*i + 3*n + 177 = 0. What is the units digit of i?
2
Suppose -y + 2*y - 3*u - 65 = 0, -20 = 5*u. Let t = 19 + y. What is the units digit of t - (-6)/(2 + 0)?
5
Let m be 0/3 - (-103 - (-2 + 2)). Let k = 2